s of 46091838.
2, 3, 13, 590921
What are the prime factors of 37827074?
2, 17, 1112561
What are the prime factors of 590378266?
2, 295189133
What are the prime factors of 2031545790?
2, 3, 5, 22572731
What are the prime factors of 320677298?
2, 37, 173, 677
What are the prime factors of 613469246?
2, 13, 1129, 20899
What are the prime factors of 30297825?
3, 5, 17, 89
List the prime factors of 485685464.
2, 11, 5519153
What are the prime factors of 167594079?
3, 19, 2940247
What are the prime factors of 3720235933?
25453, 146161
What are the prime factors of 274224775?
5, 11, 547, 1823
What are the prime factors of 1821434522?
2, 47, 19376963
List the prime factors of 73432021.
13, 434509
List the prime factors of 14497960.
2, 5, 362449
What are the prime factors of 11330128?
2, 31, 53, 431
List the prime factors of 78168249.
3, 2609, 3329
What are the prime factors of 824295736?
2, 11, 9366997
What are the prime factors of 525644731?
525644731
List the prime factors of 1457714951.
7, 11, 1201, 1433
List the prime factors of 65506723.
3229, 20287
What are the prime factors of 168249911?
168249911
List the prime factors of 939365827.
939365827
What are the prime factors of 404262708?
2, 3, 881, 38239
What are the prime factors of 96502209?
3, 3851, 8353
List the prime factors of 74328663.
3, 23, 1077227
List the prime factors of 131784342.
2, 3, 19, 23, 50261
What are the prime factors of 603178720?
2, 5, 487, 7741
List the prime factors of 3978409832.
2, 4549, 109321
List the prime factors of 328107915.
3, 5, 433, 1871
What are the prime factors of 1088408509?
41, 26546549
What are the prime factors of 2348506385?
5, 469701277
List the prime factors of 137692574.
2, 68846287
What are the prime factors of 223062334?
2, 11, 83, 151, 809
What are the prime factors of 5418833?
7, 774119
What are the prime factors of 46464356?
2, 11616089
List the prime factors of 2265529963.
97, 23355979
List the prime factors of 122351244.
2, 3, 17, 461, 1301
What are the prime factors of 419763434?
2, 209881717
What are the prime factors of 3022134253?
53, 313, 182177
List the prime factors of 17737446.
2, 3, 67, 44123
List the prime factors of 1594756.
2, 229, 1741
List the prime factors of 981866809.
7, 11, 12751517
What are the prime factors of 170486783?
1373, 124171
List the prime factors of 137309631.
3, 45769877
What are the prime factors of 1337994701?
2777, 481813
What are the prime factors of 3559869481?
7, 79, 179, 35963
What are the prime factors of 228244761?
3, 29, 239, 3659
List the prime factors of 44149500.
2, 3, 5, 9811
What are the prime factors of 1562001208?
2, 17, 23, 499361
List the prime factors of 156441718.
2, 17, 29, 158663
List the prime factors of 139571866.
2, 7, 23, 433453
List the prime factors of 4486952176.
2, 7, 3251, 12323
List the prime factors of 3509651175.
3, 5, 4157, 11257
List the prime factors of 512968192.
2, 11, 91081
List the prime factors of 4867124485.
5, 37, 149, 317, 557
List the prime factors of 5022989054.
2, 4547, 552341
What are the prime factors of 36519477?
3, 12173159
List the prime factors of 4120459.
7, 41, 293
What are the prime factors of 3633472918?
2, 1816736459
List the prime factors of 4158440659.
4158440659
What are the prime factors of 755031332?
2, 11, 461, 37223
List the prime factors of 14536909.
14536909
What are the prime factors of 3774208?
2, 23, 641
List the prime factors of 1187505752.
2, 148438219
What are the prime factors of 1102310865?
3, 5, 31, 59, 227
What are the prime factors of 450361648?
2, 11, 29, 88237
What are the prime factors of 407419571?
13, 31339967
What are the prime factors of 14369538?
2, 3, 433, 5531
What are the prime factors of 459520748?
2, 114880187
List the prime factors of 95902048.
2, 11, 272449
List the prime factors of 691764334.
2, 345882167
List the prime factors of 62478166.
2, 23, 1358221
What are the prime factors of 505999944?
2, 3, 19, 211, 1753
List the prime factors of 3930629890.
2, 5, 11, 661, 54059
What are the prime factors of 301793350?
2, 5, 17, 23, 43, 359
What are the prime factors of 237598020?
2, 3, 5, 11, 10909
What are the prime factors of 4185403?
31, 37, 41, 89
List the prime factors of 247194723.
3, 82398241
List the prime factors of 25727008.
2, 41, 19609
List the prime factors of 1254219721.
79, 15876199
What are the prime factors of 1822299082?
2, 19, 47955239
List the prime factors of 2252533307.
89, 853, 29671
What are the prime factors of 1411639888?
2, 88227493
List the prime factors of 343735009.
5281, 65089
List the prime factors of 496767058.
2, 248383529
List the prime factors of 1897986772.
2, 11, 23, 1875481
List the prime factors of 63765733.
1181, 53993
What are the prime factors of 2671000453?
11, 547, 443909
What are the prime factors of 3546504601?
739, 4799059
List the prime factors of 1351841466.
2, 3, 225306911
List the prime factors of 34235659.
34235659
List the prime factors of 54274401.
3, 331, 6073
List the prime factors of 2174315637.
3, 13, 439, 9769
What are the prime factors of 806512653?
3, 29870839
What are the prime factors of 1586221932?
2, 3, 29, 4558109
What are the prime factors of 75887139?
3, 25295713
List the prime factors of 1871462304.
2, 3, 19, 71, 4817
List the prime factors of 40665387.
3, 7, 47, 41201
What are the prime factors of 25078417?
7, 13, 17, 29, 43
What are the prime factors of 42147813?
3, 2129, 6599
What are the prime factors of 205038286?
2, 102519143
List the prime factors of 1348734457.
7, 17, 509, 3181
What are the prime factors of 116217131?
71, 353, 4637
List the prime factors of 139185154.
2, 17, 409, 10009
What are the prime factors of 33763710?
2, 3, 5, 487, 2311
What are the prime factors of 3849542888?
2, 67, 7181983
What are the prime factors of 144766109?
821, 176329
List the prime factors of 471284509.
659, 715151
What are the prime factors of 79289992?
2, 9911249
What are the prime factors of 542866475?
5, 1427, 15217
List the prime factors of 15223132.
2, 37, 102859
What are the prime factors of 179644548?
2, 3, 127, 117877
List the prime factors of 124332874.
2, 62166437
List the prime factors of 2380299870.
2, 3, 5, 13, 6103333
What are the prime factors of 29270818?
2, 823, 17783
What are the prime factors of 143467493?
13, 691, 15971
List the prime factors of 859096810.
2, 5, 11, 13, 421, 1427
List the prime factors of 699920548.
2, 479, 365303
List the prime factors of 31832416.
2, 7, 11, 12919
List the prime factors of 1583899819.
109, 14531191
List the prime factors of 2350812845.
5, 470162569
What are the prime factors of 128496581?
31, 71, 79, 739
What are the prime factors of 465983254?
2, 11, 37, 572461
List the prime factors of 56054021.
463, 121067
List the prime factors of 1662540123.
3, 10709, 51749
List the prime factors of 866670638.
2, 433335319
What are the prime factors of 34747277?
53, 631, 1039
What are the prime factors of 437475554?
2, 218737777
What are the prime factors of 291187425?
3, 5, 257, 15107
List the prime factors of 3808197656.
2, 476024707
What are the prime factors of 371333533?
17, 1559, 14011
What are the prime factors of 894475427?
619, 1445033
What are the prime factors of 1382478332?
2, 383, 902401
List the prime factors of 99511027.
7, 11, 509, 2539
What are the prime factors of 5681446226?
2, 2840723113
List the prime factors of 1239432611.
1239432611
What are the prime factors of 85563006?
2, 3, 17, 838853
List the prime factors of 28387000.
2, 5, 28387
What are the prime factors of 826337934?
2, 3, 67, 367, 1867
List the prime factors of 2170887759.
3, 13523, 17837
What are the prime factors of 936658958?
2, 47, 197, 50581
What are the prime factors of 258004074?
2, 3, 43000679
List the prime factors of 11887465.
5, 2377493
List the prime factors of 4701131.
23, 204397
What are the prime factors of 52107503?
7, 593, 12553
List the prime factors of 136604331.
3, 197, 77047
List the prime factors of 464761382.
2, 89, 971, 2689
List the prime factors of 169205654.
2, 84602827
What are the prime factors of 339358097?
13, 17, 107, 113, 127
What are the prime factors of 504889461?
3, 4231, 13259
List the prime factors of 12544126.
2, 7, 896009
What are the prime factors of 48452354?
2, 2939, 8243
List the prime fact